- 328 = -4*c, -200*v = 3*c - 205*v - 260. What is the remainder when c is divided by 21?
17
Let l(a) = a**3 - 28*a**2 + 50*a - 64. Let g be l(26). Let s = g - -136. What is the remainder when 35 is divided by s?
15
Let j = 32 - -6. Suppose -3*k - 29 = -j. Suppose -4*u = k*t + t - 84, 3*t = -5*u + 95. Calculate the remainder when u is divided by 5.
1
Suppose -1927 = -378*p + 134*p + 1489. What is the remainder when 2 - (-69 + 2 - -1) is divided by p?
12
Suppose 0 = -m + 4 + 42. Let r(u) = -4*u**3 - u**2 + 38*u + 89. Calculate the remainder when m is divided by r(-2).
5
Let r = -775 - -464. Let b = -202 - r. Calculate the remainder when b is divided by 57.
52
Suppose -6913 = -56*x - 1537. What is the remainder when 1067 is divided by x?
11
Let z(d) = -12*d - 137. Calculate the remainder when z(-16) is divided by (56/(-60))/(-7) + 472/60.
7
Suppose 2*t + q - 6 = -5, -3 = t + 4*q. Let w be (2 + 3)/(20/4024). Let f = w - 997. What is the remainder when f is divided by t?
0
Let i = 28 - -18. Let g(r) = -r**3 - 6*r**2 + 8*r + 11. Let a be g(-5). Calculate the remainder when (a/(9/3))/(6/(-45)) is divided by i.
43
Suppose 91*x - 53*x + 19296 = 56*x. Calculate the remainder when x is divided by 216.
208
What is the remainder when 279 is divided by 3/(-7) - (-760)/(-1960)*-259?
79
Let y = 83976 - 83921. Let c = 16 - 6. Calculate the remainder when y is divided by c.
5
Suppose 10*l - 8*l = 10. Suppose -t + g = -61, 2*t - 44 - 66 = l*g. What is the remainder when t is divided by 10?
5
Calculate the remainder when 1304/28 - 4/7 is divided by -3*8/72 - 116/(-6).
8
Let t(q) = q**2 - 4*q + 9. Suppose 4*u = 2*u, 4*n - u - 312 = 0. Calculate the remainder when n is divided by t(5).
8
Let g(c) be the third derivative of c**5/60 - 17*c**4/24 - c**3 - 23*c**2 + 3*c. Calculate the remainder when g(20) is divided by 47.
7
What is the remainder when 10 is divided by (112/(-12) + 4)*111/(-74)?
2
What is the remainder when (-6)/10*(-444 + 54/(-48)*-8) is divided by 72?
45
Suppose -10202*u + 10207*u - 385 = 0. Calculate the remainder when u is divided by ((-6)/(-15))/(2/130).
25
Suppose 51 = 2*z + 5*k, 46*k - 45*k = -z + 12. Calculate the remainder when 202 is divided by z.
1
Suppose 14*c - 6*c = 160. Suppose -10*a = -c*a + 1370. What is the remainder when a is divided by 35?
32
Let o = -239 - -243. Suppose -5*t + 39 = -u, -5*t + o*u = -17 - 19. Suppose -5*f = -201 + 26. What is the remainder when f is divided by t?
3
Let i = 6451 - 6347. Calculate the remainder when i is divided by 18/(-5)*150/(-15).
32
Let v(k) = -3*k**3 - 7*k**2 + 2*k - 4. Let a be 2/(-4)*(-3 - -11). What is the remainder when v(a) is divided by (-15)/(10/(-2)) - -7?
8
Suppose 0 = 2*g + 5*t - 270, -4*g - t + 592 - 70 = 0. Let y = -2237 - -2245. Calculate the remainder when g is divided by y.
2
Let d be (-2*1065/10)/((-6)/(-6)). Let v = d - -223. Calculate the remainder when 149 is divided by v.
9
Let n(k) = -k**2 - 14*k + 21. Let a be n(-15). Suppose -4*p = -a*p - 4. Let i = p - -5. Calculate the remainder when i is divided by 3.
0
Suppose -10*z = z - 12936. What is the remainder when z/36*(-6)/(-4) is divided by 18?
13
Let x(d) = 97*d + 696. Calculate the remainder when x(-5) is divided by 106.
105
Suppose 0 = -30*a + 15*a + 27495. What is the remainder when (-96)/128 - (-1)/(12/a) is divided by 22?
20
Let i(b) be the first derivative of 2*b**3/3 + 19*b**2/2 + 34*b + 28. What is the remainder when 37 is divided by i(-8)?
7
Suppose -27*y - 20380 - 89343 = -140*y. Calculate the remainder when y is divided by 106.
17
Let f(s) = s**3 + 4*s**2 + 8*s + 51. Let c be f(-8). Let q = -169 - c. Calculate the remainder when q is divided by 6.
4
Let x = -176 + 160. Suppose 1 = -2*f + 7. Let z = f - x. Calculate the remainder when 35 is divided by z.
16
Let j be ((-6)/(-1))/(28/490). Suppose 4*y - 315 = j. Suppose -t + 2*z - 1 = -27, -5*z = 3*t - 133. Calculate the remainder when y is divided by t.
33
Let c(w) = w**3 + 19*w**2 - 21*w - 15. Let p be c(-20). Suppose 0*k = -2*k - 2*f + 1014, 0 = 4*k + p*f - 2025. What is the remainder when k is divided by 57?
54
Let b(q) = -q**2 - 5*q - 2. Let t be b(-3). Let i be -2 + ((-12)/(-2) - t). Let s(u) = -u**3 - u + 84. What is the remainder when s(i) is divided by 43?
41
Suppose 30 = 49*m - 54*m, m = s - 146. What is the remainder when 39759 is divided by s?
139
Let j(b) = b - 22. Let g be j(26). Suppose g*i - 17 = -9. Suppose i*y + y - 54 = 0. What is the remainder when 31 is divided by y?
13
Let c = -440 - -1245. Suppose -810*h + c*h = -1395. What is the remainder when h is divided by 35?
34
Let p = -304 + 79. Let y = -184 - p. Calculate the remainder when -406*(-1 - (-3)/6) is divided by y.
39
What is the remainder when 440 is divided by ((-33696)/780)/((-1)/5)?
8
Let h = -2938 - -4114. What is the remainder when h is divided by 19?
17
Let v = -4666 + 5554. What is the remainder when v is divided by 97?
15
Suppose 354*u - 190 = 335*u. What is the remainder when 1369 is divided by u?
9
Let y(f) be the third derivative of -f**6/120 - f**5/60 + f**4/24 + 29*f**3/2 - 3*f**2 - 29. What is the remainder when y(0) is divided by 46?
41
Suppose 35*r - 229 = 191. Suppose 1072 = -3*l + 6*l - a, -4*a + 1798 = 5*l. What is the remainder when l is divided by r?
10
Suppose 11*q - 13*q - 14 = 0, u - 2273 = -q. What is the remainder when u is divided by 1134?
12
Let q = -19225 - -21461. Calculate the remainder when q is divided by 59.
53
Let u = 6609 - 6458. Calculate the remainder when 1062 is divided by u.
5
Suppose 0 = -441*w + 392*w + 36505. Calculate the remainder when 1502 is divided by w.
12
Let n(f) = 17 + 13 - 4*f - 12 + 3*f. What is the remainder when n(-8) is divided by (-12)/(-9)*(5 - 2)?
2
Let a(f) = 6*f**2 - 84*f + 40. Calculate the remainder when a(15) is divided by 49.
32
Let f be (-2*12/18)/(10/(-15)). Suppose -126 = -f*i - 76. Calculate the remainder when i is divided by 2.
1
Let i(t) = -3*t**2 + 88*t + 18. What is the remainder when i(20) is divided by 14?
4
Let f = 75 + 8. Let w = 8 + -6. Suppose f = w*j + 55. Calculate the remainder when j is divided by 8.
6
What is the remainder when 12432/185*110/8 is divided by 52?
40
Let x be (475/(-10) - -5)*-2*2. Suppose -2*c - 13 + 3 = -5*f, -2*f - 4*c + 28 = 0. Suppose -f*b = -34 - x. What is the remainder when b is divided by 13?
12
Suppose 96*i - 699 = 4965. Calculate the remainder when i is divided by -1 + 26*(3 + -2).
9
Suppose -615 = 151*l - 166*l. Suppose -2*r = -2*k + 320, -3*k + 2*r + 321 = -155. Calculate the remainder when k is divided by l.
33
Let c(g) be the second derivative of -43*g**5/10 - g**4/4 - g**3/6 + g**2/2 - g - 115. Let l = 0 - 1. What is the remainder when c(l) is divided by 18?
13
Suppose -48 = -7*c - 5*c. Suppose 5*d = 5*t + 1 + 9, 2*d + t = c. What is the remainder when 5 is divided by d?
1
Let k = 2051 + -1948. What is the remainder when 2572 is divided by k?
100
Let s be (-4)/(-20)*1 + 139/5. Suppose 26*d = s*d - 40. Calculate the remainder when 49 is divided by d.
9
Let g(x) = -12*x - 123. Suppose 31 = -4*m + 151. What is the remainder when m is divided by g(-12)?
9
Suppose -7*n + 661 = 577. Suppose -n*s - 99 = -21*s. Let a = -3 + 9. What is the remainder when s is divided by a?
5
Suppose d - 3*a - 5086 = 4241, -5*a + 28065 = 3*d. What is the remainder when d is divided by 50?
45
Let j(u) = 2*u**2 + 87*u + 351. What is the remainder when j(-42) is divided by 146?
79
Suppose -19168 = -5*s - 2*t - 7067, -5*t = 10. Suppose 58*i - s = 49*i. Calculate the remainder when i is divided by 27.
26
Let n(i) = -292*i + 35. Calculate the remainder when 4442 is divided by n(0).
32
Let x(n) be the first derivative of -10*n**2 - 172*n + 71. Calculate the remainder when 254 is divided by x(-9).
6
Let u = -112 - -111. Suppose -a = -0*a - 15. What is the remainder when a is divided by 4 - ((-39)/9 + u/(-3))?
7
Let y be (2 + 0)*(-69)/6. Let i(m) = -m**2 + 20*m + 270. What is the remainder when (1 - 2*y) + -3 is divided by i(-9)?
8
Suppose 2*d + 296 = 3*p, 4*p + 2*d - 243 = 161. What is the remainder when 597 is divided by p?
97
Suppose 80*h = 218 + 262. Calculate the remainder when 3578 is divided by h.
2
Let g(z) = z**3 + 38*z**2 + 52*z - 98. What is the remainder when g(-36) is divided by 217?
188
Suppose 